What is the units digit of l?
8
Let j(i) = 7*i + 8. Let r(g) = 2*g + 2. Let y be r(2). What is the tens digit of j(y)?
5
Let h(w) = 5*w**2 + 18*w + 4. What is the units digit of h(-9)?
7
Let i(w) = w - 2. Let k be i(6). What is the units digit of k/6*39/26?
1
Let w = -32 + 38. What is the tens digit of (54/45)/(w/50)?
1
Suppose 5*v - 3*r + 503 = 0, 4*v + 2*r + 180 = -218. Let q = -20 - v. What is the tens digit of q?
8
Suppose 0 = -5*u - 0*x - 3*x + 22, -3*u + 4*x = 10. What is the units digit of -5*u/(-20)*118?
9
Let k(c) = c**2 + 3*c - 6. Let u = 33 + -10. Let x be 4/(-12) + u/(-3). What is the tens digit of k(x)?
3
Suppose 4*s - 8 = 72. Suppose -3*x - 2*x + s = 0. Suppose -3*z + 96 = -0*z - x*m, -z = m - 32. What is the units digit of z?
2
What is the units digit of (-1824 + 3/1)/(-3 + 0)?
7
What is the units digit of 138456/168 - (2/14 + -1)?
5
Let b = -10 - -14. Suppose -187 = -b*j - 3*c, 2 = -c - 1. What is the tens digit of j?
4
What is the tens digit of 140 - (-1)/(9 + -2 + -8)?
3
Suppose -3*o + 5*y = y + 5, -2*o = y - 15. Suppose -4*m = -o*m - 8. What is the tens digit of 2/m*(13 + -225)?
5
Let o(y) = 39*y**3 + 6*y - 5. Let a be o(1). Let s = 5 + a. What is the tens digit of s?
4
Let v(d) = 4*d + 16. Let o(l) = -l + 1. Let a(f) = -3*o(f) + v(f). What is the units digit of a(5)?
8
Let g be (-1 + 1)/(0 + -1). Let v(y) = -y**3 - 9. Let s be v(g). Let m = 11 - s. What is the tens digit of m?
2
Let o(j) be the first derivative of 17*j**2 - j - 17. What is the tens digit of o(4)?
3
Suppose -4*m = -5*s - 4357, 2*s - 4096 = -3*m - 857. What is the thousands digit of m?
1
Suppose -7170 = -128*t + 118*t. What is the tens digit of t?
1
Let l = 134 + 186. Suppose 0 = -2*p + 9 + 3. Suppose -p*u + u = -l. What is the units digit of u?
4
Let x(n) be the first derivative of -n + 3/2*n**2 + n**3 + 9. What is the tens digit of x(2)?
1
Suppose 0 = -37*o + 46*o - 25461. What is the thousands digit of o?
2
Suppose -120 = -3*i - 4*s + 300, -4*i + 4*s + 560 = 0. Suppose -2*b = -4*q - i, 3*b = -4*q + 192 + 18. What is the units digit of b?
0
Let f(z) = -2*z**3 + 15*z**2 + 31*z - 11. Let l(a) = -a**3 + 15*a**2 + 31*a - 12. Let v(u) = -2*f(u) + 3*l(u). What is the units digit of v(-12)?
6
Suppose 5*d - 195 - 300 = 0. What is the tens digit of d?
9
Suppose 28*s = -30*s + 4118. What is the tens digit of s?
7
Suppose -2*k = -3*s + 261, -k + 435 = 3*s + 2*s. What is the units digit of s?
7
Suppose 4*b - 3*g = -8*g + 877, -3*g + 15 = 0. Suppose 5*a + b = 543. What is the tens digit of a?
6
Let m = 28 + -25. Let s(b) = -b - 6 + 6*b**2 - 10 + 14 + b**m. What is the units digit of s(-4)?
4
Suppose 4*v + 50 = 3*h, -v - 26 = -4*h + 45. Let w = h - 11. What is the units digit of w?
7
Suppose -10*t = -11*t - 1. Let x(o) = 45*o**2 - 5*o - 4. What is the tens digit of x(t)?
4
Let r = -18 - -21. What is the units digit of r - (-39)/6*6?
2
What is the tens digit of 2/5 + (-3065)/(-25) + -8?
1
Let v(z) = 8*z**2 - 21*z - 17. What is the units digit of v(9)?
2
Let b(n) = -2*n - 2. Let d be b(-3). Suppose 5*k - 25 = 0, d*z + 3*k + 90 = 477. What is the tens digit of z?
9
Suppose -3*t - 26 = -4*m, -14*t + 9*t = -10. What is the tens digit of 12/m - 90/(-4)?
2
Let c(u) = 1278*u**2 - 2*u - 2. What is the hundreds digit of c(-1)?
2
Suppose -6*r = 4*g - 10*r - 1844, 3*r - 1858 = -4*g. What is the hundreds digit of g?
4
Suppose -5*s - 3243 = -2*t, -4*t + 3*s + 1688 + 4763 = 0. What is the thousands digit of t?
1
Suppose 1339 + 2357 = 8*n. What is the tens digit of n?
6
Suppose 5*g + 10 = 2*q + 27, -3*g + 19 = q. Suppose 0 = -t - 3*l + q + 7, 3*l - 39 = -3*t. Suppose -4*c = -2*c - t. What is the units digit of c?
7
What is the units digit of (1 - -3 - -170)*3?
2
Let p be 12/(-4)*1/3. Let a be (p - -4)*65/39. Suppose a*v - 400 = -65. What is the units digit of v?
7
Let f be -81 - (1 + -4 + 1). Let i = f - -44. Let w = -29 - i. What is the units digit of w?
6
What is the hundreds digit of 15052/20 + 18/45?
7
Let f(j) = -16*j + 40. Let i be f(-10). Suppose 26*l - i = 24*l. What is the hundreds digit of l?
1
What is the units digit of -5 - 1 - (-1457 - (-8 + 20))?
3
Suppose -y + 4*l + 11 = 6*l, 4*l - 13 = y. Suppose 11*n = y*n + 544. What is the tens digit of n?
6
Let l = 31 - 30. Let g(z) = 7*z**3 - 2*z**2 - z + 2. Let x be g(l). Suppose -3*v - 162 = -x*v. What is the units digit of v?
4
Suppose 6906 = 6*c + 1038. What is the hundreds digit of c?
9
Let i = 8 - 5. Suppose -c = i*h - 9, -2*c - 4 = -5*h - 0*c. What is the tens digit of (-176)/(-18) - h/(-9)?
1
Let c(y) = 3*y**2 - 50*y - 473. What is the tens digit of c(-32)?
9
Let w(c) = 3*c - 32. Let z be w(12). Suppose -4*x - 16 = 0, -z*q = 3*x + x - 172. What is the tens digit of q?
4
Suppose -19*h + 36 = -135. Suppose -588 - 771 = -h*a. What is the tens digit of a?
5
Suppose 2*q = 9 + 7. Suppose -5*n - 7 = -4*y, 0 = y - 4*y + 2*n + 7. Suppose q*m - 95 = y*m. What is the tens digit of m?
1
Suppose 5*x - 17 = -2. Suppose 4*i + 10 = 5*p, -4*p + 8 = x*i - 0*p. Suppose 2*l - 16 - 18 = i. What is the units digit of l?
7
What is the tens digit of (-3 + -6)*(-22800)/72?
5
Suppose 32*g - 61758 = -15*g. What is the thousands digit of g?
1
Let g = 1201 + 3176. What is the thousands digit of g?
4
Let j(o) = 17*o + 82. What is the units digit of j(-4)?
4
Let a(k) = k**2 + 8*k + 18. Let y be a(-6). What is the tens digit of 162/((-3 - 1) + y)?
8
Suppose -93*q = -98*q - 5. Let m(y) = -40*y + 2. What is the tens digit of m(q)?
4
Suppose -5*s + 29 = 2*q, 0*q - 3*s - 97 = -4*q. Let v = -37 - -31. What is the tens digit of v*(3 + q/(-3))?
2
Let g be (-380)/35*(-14)/4. Suppose -8*j = -6*j - g. What is the units digit of j?
9
Let t(m) = -m**3 + m**2 + m + 18. Let w be t(0). Let h = w + -19. Let o = 14 - h. What is the tens digit of o?
1
Let m = 14 + -12. What is the units digit of m*(75/10 + 0)?
5
Let j(x) be the first derivative of -x**3/6 + 20*x**2 - 6*x - 8. Let d(q) be the first derivative of j(q). What is the units digit of d(0)?
0
Suppose 3*d + 9 = 18. Let u be 20 + 3/(6/(-4)). Suppose -4*a = -d*a - u. What is the units digit of a?
8
Suppose -5*l = 4*n - 20, -l - 2 = 5*n - 27. Let t = -7 + 11. Suppose -6*f + t*f + 48 = l. What is the tens digit of f?
2
Let h(f) = f - 1. Let o be h(-9). Let z = 49 + o. Let j = 111 - z. What is the tens digit of j?
7
Let i(l) = -l**2 - 6*l + 4. Let x be i(-6). Suppose x*v - 13 = -5. Suppose v*k - 52 = -8. What is the tens digit of k?
2
Suppose -11 = -2*b - 3. Suppose -b*v + 5*a = -348, -a - 4*a + 296 = 3*v. What is the tens digit of v?
9
Let w(o) be the first derivative of 2*o**4/3 + o**3/3 + 3*o**2/2 - 6*o + 3. Let m(l) be the first derivative of w(l). What is the tens digit of m(-2)?
3
What is the thousands digit of (-82 + -5)/3*(-59 - 0)?
1
Let l be -5 + 3 + 2 + 12/2. Let k = 8 - 14. Let f = l - k. What is the units digit of f?
2
Suppose 4*m + 5*b = -194, -2*m + 4*b = -21 + 131. Let v = m - -81. What is the units digit of v?
0
Suppose 4692 + 9338 = 10*u. What is the units digit of u?
3
Let d(f) = f**3 + 2*f + 0*f + 1022 - 1035 - f + 10*f**2. What is the hundreds digit of d(-6)?
1
Let i = -93 - -96. Suppose 5*x - k - 290 = i*k, 88 = 2*x + 4*k. What is the units digit of x?
4
Let o = -983 - -1663. What is the hundreds digit of o?
6
Suppose 7*l + 16 = 3*l, g - 5*l = 23. Suppose 0 = -g*w + 4*w - 8. Suppose -3*n + w*n = -o + 3, 3*o - 3*n = 9. What is the units digit of o?
3
Let v = 231 + -329. Let y = v - -156. What is the tens digit of y?
5
Suppose -23430 = 5123*w - 5129*w. What is the units digit of w?
5
Let v(r) = 99*r**2 - 2*r - 6. What is the units digit of v(2)?
6
Let m = 731 + -1231. What is the tens digit of m/(-14) - (-14)/49?
3
Let h = 633 + 5361. What is the thousands digit of h?
5
Suppose -44*d + 48*d - 1172 = 0. What is the hundreds digit of d?
2
Let p = 514 - 345. Suppose 110 + p = 3*x + 3*s, 103 = x + 3*s. What is the tens digit of x?
8
Suppose -5*o + 3*u = 599 - 1980, 0 = 3*u - 9. What is the hundreds digit of o?
2
Let w be (-7)/(-6) - (-1)/(-6). Let h(v) = 8*v**2 - 2*v + 1. Let c be h(w). Suppose 95 = c*p - 2*p. What is the units digit of p?
9
Let l be (-17 - -17) + 4*1. Suppose 0 = w + 4*a + 4, -4 = -w + l*a - 0. Suppose o - 55 + 17 = w. What is the tens digit of o?
3
Let u(m) = -m**3 + 5*m**2 + m + 1